 497.
7
What is the greatest common divisor of 12077 and 13?
13
Calculate the highest common divisor of 12 and 167176.
4
What is the greatest common factor of 752 and 976?
16
Calculate the highest common divisor of 1120 and 196280.
280
What is the greatest common factor of 10268 and 4012?
68
What is the highest common divisor of 2580814 and 346?
346
Calculate the highest common divisor of 40 and 41408.
8
What is the highest common factor of 13325 and 12935?
65
What is the greatest common divisor of 7 and 67508?
7
Calculate the greatest common factor of 3030 and 7023.
3
What is the greatest common factor of 80212 and 44?
44
Calculate the highest common factor of 9 and 73701.
9
Calculate the highest common factor of 61556 and 22.
22
What is the highest common divisor of 44 and 16924?
4
What is the greatest common factor of 744672 and 36?
12
What is the greatest common factor of 175628 and 65596?
2116
What is the highest common divisor of 6887 and 71?
71
What is the greatest common divisor of 412360 and 1830?
610
What is the greatest common divisor of 49020 and 120?
60
Calculate the highest common divisor of 265779 and 9.
9
What is the greatest common factor of 472395 and 42?
21
Calculate the highest common divisor of 3280 and 4880.
80
Calculate the highest common factor of 166037 and 1035.
23
Calculate the greatest common divisor of 28 and 566062.
14
Calculate the highest common divisor of 714 and 1187382.
714
What is the greatest common divisor of 201 and 195171?
201
What is the greatest common divisor of 273 and 40677?
273
What is the highest common factor of 30625 and 42140?
245
What is the highest common divisor of 14070 and 21306?
402
What is the highest common factor of 1375479 and 490?
49
What is the greatest common factor of 120667 and 67?
67
What is the greatest common divisor of 266 and 209?
19
What is the highest common factor of 4280 and 488990?
1070
What is the greatest common divisor of 16 and 1408424?
8
What is the highest common factor of 124625 and 16949?
997
Calculate the greatest common divisor of 2304 and 18624.
192
Calculate the highest common factor of 806 and 8618.
62
Calculate the highest common divisor of 1064 and 64638.
266
Calculate the greatest common factor of 828 and 2815614.
414
What is the greatest common divisor of 28 and 577262?
14
What is the highest common divisor of 13 and 2405?
13
What is the highest common factor of 275 and 6864?
11
Calculate the highest common factor of 252 and 27.
9
Calculate the highest common factor of 851208 and 696.
696
Calculate the highest common divisor of 14 and 367514.
14
Calculate the highest common divisor of 114932 and 15584.
1948
Calculate the greatest common divisor of 291080 and 205.
5
Calculate the greatest common factor of 5256160 and 105.
35
What is the highest common factor of 98 and 1437219?
49
Calculate the highest common divisor of 736 and 207092.
92
What is the highest common factor of 2350 and 365?
5
Calculate the highest common factor of 2916792 and 84.
12
What is the highest common factor of 22407 and 588?
21
What is the highest common divisor of 570 and 191995?
95
What is the highest common divisor of 10209 and 130227?
249
What is the highest common divisor of 206604 and 108?
108
What is the greatest common factor of 449416 and 88?
88
Calculate the greatest common divisor of 1254784 and 128.
128
Calculate the greatest common divisor of 54593 and 231.
77
Calculate the highest common factor of 59880 and 9160.
40
Calculate the greatest common divisor of 1 and 27783.
1
Calculate the greatest common divisor of 1703 and 26299.
13
What is the greatest common factor of 89225 and 430?
215
What is the highest common factor of 24273 and 41013?
837
What is the greatest common factor of 863830 and 50?
10
What is the highest common factor of 13024 and 22880?
352
What is the greatest common factor of 8350 and 370?
10
What is the greatest common divisor of 1760 and 55781?
11
What is the greatest common factor of 4635516 and 188?
188
Calculate the highest common factor of 87 and 10855077.
87
Calculate the greatest common factor of 1924274 and 2068.
1034
What is the greatest common factor of 243 and 5787?
9
What is the greatest common divisor of 852 and 7793670?
426
Calculate the greatest common divisor of 1467 and 376041.
489
What is the highest common factor of 234373 and 15765?
1051
What is the highest common divisor of 679 and 28?
7
Calculate the highest common divisor of 116 and 78416.
116
Calculate the highest common factor of 25 and 674525.
25
Calculate the highest common divisor of 51741 and 9.
9
What is the highest common divisor of 13031 and 166?
83
Calculate the highest common divisor of 3614 and 2002.
26
What is the greatest common divisor of 2635680 and 57?
57
Calculate the greatest common divisor of 272 and 1139.
17
Calculate the highest common divisor of 56056 and 19432.
56
What is the highest common factor of 1393997 and 11?
11
What is the highest common factor of 160 and 2960?
80
Calculate the greatest common factor of 420 and 235732.
28
Calculate the greatest common factor of 19722 and 4.
2
Calculate the greatest common divisor of 3096 and 11008.
344
Calculate the greatest common factor of 10990 and 34069.
1099
What is the highest common factor of 104 and 2678?
26
Calculate the highest common factor of 34340 and 612.
68
Calculate the highest common divisor of 7 and 28140.
7
Calculate the greatest common factor of 5341 and 2107.
49
What is the highest common factor of 59082 and 43?
43
Calculate the highest common factor of 4479426 and 73.
73
What is the highest common factor of 272 and 1372444?
68
Calculate the greatest common divisor of 398012 and 988.
76
What is the greatest common factor of 23966 and 230?
46
What is the highest common divisor of 2192 and 152618?
274
What is the highest common divisor of 84577 and 12228?
1019
What is the highest common divisor of 974314 and 220?
22
What is the greatest common divisor of 76285 and 5?
5
What is the highest common divisor of 110 and 37030?
10
What is the highest common divisor of 640 and 21040?
80
Calculate the greatest common divisor of 5858 and 606.
202
Calculate the greatest common factor of 24256 and 10176.
64
What is the greatest common factor of 253260 and 1005?
1005
What is the greatest common factor of 943921 and 1595?
319
What is the greatest common factor of 233211 and 1023?
33
What is the greatest common divisor of 648198 and 342?
18
What is the greatest common factor of 12 and 28812?
12
What is the highest common divisor of 11166 and 42?
6
What is the greatest common divisor of 192 and 834?
6
Calculate the greatest common factor of 62 and 91915.
31
Calculate the greatest common factor of 10 and 661765.
5
What is the greatest common divisor of 136 and 7786?
34
Calculate the highest common divisor of 21353 and 53464.
163
Calculate the highest common factor of 5877 and 1293.
3
Calculate the highest common factor of 21440184 and 24.
24
What is the greatest common divisor of 60744 and 7932?
12
Calculate the highest common factor of 368 and 8648.
184
What is the highest common factor of 16 and 84232?
8
Calculate the greatest common divisor of 2023068 and 752.
188
Calculate the highest common divisor of 149184 and 333.
333
Calculate the highest common factor of 28574 and 26.
26
What is the greatest common divisor of 702 and 123822?
54
What is the greatest common divisor of 20 and 10420?
20
What is the highest common divisor of 4981 and 2637?
293
Calculate the greatest common divisor of 651 and 28539.
21
What is the highest common divisor of 174 and 32178?
6
What is the highest common factor of 561580 and 20?
20
Calculate the greatest common divisor of 5720 and 7085.
65
What is the highest common divisor of 2348577 and 77?
77
What is the highest common factor of 204800 and 60?
20
Calculate the highest common factor of 65217 and 15.
3
Calculate the highest common factor of 38570 and 9338.
406
What is the greatest common divisor of 2379 and 12887043?
2379
Calculate the greatest common factor of 4762809 and 2382.
1191
Calculate the highest common divisor of 516 and 2676.
12
Calculate the greatest common divisor of 337 and 53.
1
Calculate the highest common factor of 19355 and 11760.
245
Calculate the highest